git of h(r)?
2
Let p(v) = -513*v - 15. What is the tens digit of p(-1)?
9
Suppose -151*i = -160*i + 15354. What is the thousands digit of i?
1
Let t(c) = -c - 11. Let f be t(-14). Suppose 3*x + 33 = f*w, -x + 17 + 0 = 3*w. Let o = w - -5. What is the tens digit of o?
1
Suppose 23*t - 25*t = -4. Suppose -x + 3*c = c - 39, -t*x - 5*c + 123 = 0. What is the tens digit of x?
4
Suppose s - 1 = -6. Suppose 0 = l + l - 26. Let w = l + s. What is the units digit of w?
8
Let r = -18 - -22. Suppose -4*s - r = -8*q + 3*q, -q - s = -8. Suppose y - 76 = -q*u, 3*u + 23 = -5*y + 80. What is the tens digit of u?
1
Suppose 4*d - 739 - 419 = -2*u, -u + 585 = 5*d. What is the tens digit of u?
7
Let o(n) = 6*n**3 + 2*n**2 - n + 12. What is the units digit of o(4)?
4
Let y = 3104 - 1786. What is the thousands digit of y?
1
Suppose -5*x + 9 + 11 = 0. Suppose 3*o - x = i + 1, 2*i = -4*o + 20. Suppose -l - 22 = -o*l. What is the tens digit of l?
1
Let k(c) = 50*c + 10 + 1 - 52*c. Let h be k(4). What is the units digit of ((-19)/h)/(2/(-18))?
7
Let b(v) = v**2 + 2*v - 5. Let z(h) = h**2 - 24 + h**2 - h**2 + 18. Let f be z(0). What is the tens digit of b(f)?
1
Let t(x) = x**3 - 7*x**2 + x - 7. Let n be t(7). Suppose n = -s + 33 - 21. What is the units digit of -14*4*s/(-24)?
8
Let m = 566 - -154. What is the hundreds digit of m?
7
Let d(t) = t**3 + 10*t**2 - 3*t - 4. Let q be d(-8). Let u be q/3 - 4/(-6). Suppose 0 = 5*z - u + 5. What is the units digit of z?
9
Let j(u) = 13*u - 7. Let h be 3/2*2 + (-1)/(-1). What is the tens digit of j(h)?
4
Let c be 97 - -3*(-2 - -3). Let o = c - 5. What is the tens digit of o?
9
Let j = -1 - 7. Let t = j - -12. What is the units digit of 10/(t/2 - 0)?
5
Suppose -y - 5160 = -11*y. What is the hundreds digit of ((y/9)/(-2))/((-2)/9)?
1
Suppose -24060 = -2*p - 10*p. What is the units digit of p?
5
Suppose -5*c = -2*z + 7*z + 260, -2*z - 50 = c. Let y(p) = 6*p**2 + 4*p + 1. Let j be y(-4). Let x = j + c. What is the tens digit of x?
2
Let f = 517 + 47. What is the tens digit of f?
6
Let s(g) = g + 5. Let a be s(-4). Let y(j) = 60*j**2 - 2*j + 3. What is the tens digit of y(a)?
6
Let v(a) = 3*a - 16. Let p be v(7). Suppose 2 = 5*i + 4*f, -i = -p*i - 3*f + 2. What is the units digit of 3 - 4 - (-14)/i?
6
Suppose -68 = 4*s + 2*t, -5*t + 38 = -3*s - 0*t. Let h = s + 16. Suppose 3*i - 114 = -h*i. What is the units digit of i?
8
Let t(w) = -2*w**3 + 24*w**2 + 96*w + 4. What is the units digit of t(-6)?
4
Suppose 0 = 2*u - 9 - 25. Suppose 0 = 2*x - 2*w - 8, -x - u = -4*x - 2*w. What is the units digit of (-680)/x*(-1)/2?
8
Suppose -s + 25 - 9 = 0. Suppose 0 = -l - 2*o - s, -1 = -l + o - 2. What is the tens digit of (3*1)/(l/(-82))?
4
Suppose -4*p - 3*f - 70 = 0, -6*p + 2*p - 74 = 5*f. Let b = p - -57. What is the tens digit of b?
4
Let w be (3/6)/(5/830). Let g = w + -21. What is the units digit of g?
2
Suppose -21*u = 2*u - 21160. What is the hundreds digit of u?
9
Let x be 0 + (8 - 4) + -8. What is the units digit of 4*x/(-112)*7?
1
Let p = 0 + 2. Let v be 4*(p + -4 - -3). Suppose v*a + z - 93 = -a, -3*a = -3*z - 63. What is the tens digit of a?
1
Suppose 4*y = -831 - 665. Let x = y - -550. What is the hundreds digit of x?
1
Let f = -5 - -69. Let u = 139 - f. What is the units digit of u?
5
Suppose -1667*a = -1649*a - 3114. What is the units digit of a?
3
Suppose 5*g - 7*g = -44. Let j = g + -40. What is the units digit of ((-1)/3)/(2/j)?
3
Suppose 9*d + y - 159 = 6*d, 3*d + 3*y - 165 = 0. Let f = d - 49. What is the units digit of f?
3
Let v = 2118 - 1479. What is the hundreds digit of v?
6
Suppose 12*l - 25315 - 4265 = 0. What is the thousands digit of l?
2
Suppose -106 = -4*r - 2*h, -11*r - 4*h + 77 = -8*r. What is the tens digit of 4/(-2) - (12/(-6) - r)?
2
Suppose 5*n = -3*v + v - 21, 23 = 4*v - 3*n. What is the units digit of (v - 11)*(-6 - -1)?
5
What is the hundreds digit of (-28)/56*(-1863 + -1)?
9
Suppose -n = 2*n - 15. Suppose -n*f - 26 = 44. Let b = f - -37. What is the units digit of b?
3
Let g(y) = -6*y**2 + 3*y + 5. Let n(j) = 2*j**2 - j - 2. Let d(i) = -3*g(i) - 8*n(i). Let x be d(2). Let r = x + 41. What is the tens digit of r?
4
Let i = -261 - -329. What is the tens digit of i?
6
Let m = -25 - -25. Suppose 147 = 7*s - m. Let q = 59 - s. What is the tens digit of q?
3
Let v(u) be the third derivative of u**5/60 + 5*u**4/8 + u**3/6 + 6*u**2. Let p be v(-15). Let g = 2 - p. What is the units digit of g?
1
Suppose 0 = 3*b - 0*b - 5*n - 445, b = -5*n + 115. Suppose -b = -g + 79. What is the tens digit of g?
1
Let s = -6 - -10. Suppose 3*m - s = 2. What is the units digit of (-15)/12*-2*m?
5
Let i = -1044 - -1262. What is the units digit of i?
8
Suppose 15 = -13*m + 16*m. Suppose 5*q + 12 - 66 = -2*p, -14 = -2*p + m*q. What is the tens digit of p?
1
Suppose -5*l = 3*l - 24. Suppose -l*o - 4*j + 31 = 0, 5*o = 5*j + 35 + 40. What is the units digit of o?
3
Let i(g) = 22*g. Let x be i(4). Let m = 144 - x. What is the units digit of m?
6
Let l(q) = q**3 + 9*q**2 + 13*q + 8. Let p be l(-7). What is the tens digit of p/30*(117 + 1)?
5
Let d(l) = 2*l**3 + 15*l**2 + 7*l + 2. Let j be d(-8). Let v = 28 - j. What is the tens digit of v?
4
Let g = -359 + 717. What is the hundreds digit of g?
3
Suppose -5*s - 1 = -16. Let y(g) = 0 + 0*g - 5*g**2 - 4 + g**s - 3*g + 4*g. What is the units digit of y(5)?
1
Let y(w) = -w**3 + 15*w**2 - 25*w + 10. What is the units digit of y(12)?
2
Let r = 38 - 30. Suppose r*o - 465 = 3*o. What is the tens digit of o?
9
Suppose 2*k - 12 = 100. Suppose 0 = 7*q - 0*q - k. What is the units digit of q?
8
Suppose -8*s + 0*s + 3640 = 0. Suppose 3*i - 265 = u, -i = -6*i - 5*u + s. What is the units digit of i?
9
Suppose -5*x - 65 - 45 = 0. Let o be 1046/10 - x/55. Suppose 3*m - 4*n = o, -n = 2*n. What is the units digit of m?
5
Suppose -10 = 2*q + 5*w, -29 = 4*q - q + 4*w. What is the tens digit of ((-225)/6)/(q/20)?
5
What is the units digit of 18962/20 + 20/(-200)?
8
Let m = 518 - 489. What is the units digit of m?
9
Let a = 42 - 26. Suppose -a*k + 255 = -11*k. What is the units digit of k?
1
Suppose -5*r - 21 + 21 = 0. Suppose r = 14*k - 3*k - 484. What is the tens digit of k?
4
Let q = 50 + -9. What is the tens digit of 3/((-2)/(-4)*6/q)?
4
Suppose -3*b + 18 = -2*y + 53, -4*b + y = 45. Let r = b - -116. What is the units digit of r?
5
Let l = -153 + 146. What is the hundreds digit of 152 - (5 + (l - -4))?
1
Suppose -95 - 881 = 8*n. Let z = n + 266. What is the hundreds digit of z?
1
What is the hundreds digit of (-3)/(-6) + 826/4 - -3?
2
Suppose 844 - 9067 = -3*r. What is the thousands digit of r?
2
What is the hundreds digit of ((-160)/(-25))/((-1)/(-20))?
1
Let n = -4 + 16. Let x be 6/n - (-134)/4. Suppose -h = 2*o - 0*o - x, 2*h - 3*o = 54. What is the units digit of h?
0
Let r(y) = -184*y**2 + y + 2. Let f be r(-1). Let a = -121 - f. What is the units digit of a?
2
Let a be 3*3/18*34. Suppose -3*j - b = -712, -j - 4*b = a - 258. What is the tens digit of j?
3
Let s(b) = b**3 + 4*b**2 - 2*b. Let p be s(-4). Suppose -15*t = -p*t - 756. What is the hundreds digit of t?
1
Suppose 10 = 2*q + 3*q. Suppose q*a + 0*a + 4*o = -20, -3*o - 6 = -3*a. What is the units digit of ((0 - a) + 0)*7?
4
Let c(k) = -1148*k - 44. What is the thousands digit of c(-5)?
5
Suppose 51 = 4*j + 35. Let n be (-5)/(-2)*(1 - -1). Suppose 0*x + 11 = x - 5*k, -j*k + 200 = n*x. What is the tens digit of x?
3
Let u be (0/2)/3 + 0. Let d be (u - -1)*-3*4. What is the units digit of (-1)/(4/d) + 25?
8
Let c(b) = 1 - 2 - 5*b + 17*b - 9 - b**2. Let h(m) = -8*m. Let k be h(-1). What is the units digit of c(k)?
2
Let t(n) = n - 4*n + 4*n + 19 + 0*n. What is the units digit of t(-6)?
3
Suppose -4*x - 5*v + 97 = 0, -5*v + 4 = x - 39. What is the tens digit of ((-8)/x)/2 + 2328/27?
8
Suppose -7 = 3*w - 1. What is the units digit of (-4 - -24)/((-2)/10*w)?
0
Let v(c) = -5*c - 12*c - 137 + 132. Let x be v(3). Let g = x + 82. What is the tens digit of g?
2
Let z = -92 + 560. What is the hundreds digit of z?
4
Suppose 4*j + 4 = 2*f - 20, -4*j - 36 = -5*f. Suppose -43 = 3*i - f*i. What is the tens digit of i?
4
Let k = 29 + -51. Let x = 97 + k. Suppose -6*m = -m - x. What is the tens digit of m?
1
Let v(l) = 2*l + 7. Let q be v(-9). Let a(k) = -k**3 - 10